 -34 - -102413311?
102413222
In base 3, what is -210100 - -10011111?
2101011
In base 10, what is 6591418 + 1?
6591419
In base 8, what is -13 + -12501530?
-12501543
In base 9, what is -3435 + 3583?
147
In base 12, what is 7 + 975727?
975732
In base 11, what is -1203583 + -17?
-120359a
In base 12, what is 6 + 2032b6?
203300
In base 6, what is 2123530014 + 0?
2123530014
In base 3, what is 0 - 110220112002000?
-110220112002000
In base 16, what is -3b0fb + 2?
-3b0f9
In base 12, what is 11b6b357 + 1?
11b6b358
In base 12, what is -602 + -363?
-965
In base 14, what is -b458b + -32?
-b45bd
In base 12, what is -28 + 781b7?
7818b
In base 10, what is 4 + -1818712?
-1818708
In base 4, what is -223330021012 + -13?
-223330021031
In base 6, what is -143 + 35322515?
35322332
In base 12, what is -6b26 + -403a?
-ab64
In base 3, what is 201221 - -110201111?
111110102
In base 8, what is 165422 - -677?
166321
In base 4, what is 20102332121 + -2202?
20102323313
In base 2, what is 111100011111001000111011110 + -110?
111100011111001000111011000
In base 16, what is -c31 - 20074?
-20ca5
In base 6, what is 3 - 2424542?
-2424535
In base 3, what is 10202111112012 + -1?
10202111112011
In base 2, what is -10011010011 + -1110011101101111?
-1110110001000010
In base 4, what is 0 + -122113012203?
-122113012203
In base 13, what is 12 - 171494?
-171482
In base 13, what is 2 + aaaa?
aaac
In base 10, what is -56021 - -118?
-55903
In base 15, what is -a56 - 4aa?
-1011
In base 15, what is -19e37 + -98?
-19ed0
In base 14, what is 5dd018 - 18?
5dd000
In base 8, what is -527560324 - 4?
-527560330
In base 13, what is 13b2089 + c1?
13b217a
In base 15, what is -175 - -49aa9?
49934
In base 15, what is 1aa089 - 0?
1aa089
In base 12, what is -464bbb - 2?
-465001
In base 15, what is 17d + -a653?
-a4c5
In base 9, what is -5 + -444820711?
-444820716
In base 7, what is 6434 - 12612?
-3145
In base 16, what is 1 - 90b6ec3?
-90b6ec2
In base 4, what is 1323002 - -1030022?
3013030
In base 3, what is 1112200122020122 + 10?
1112200122020202
In base 8, what is 1 + 15701320?
15701321
In base 10, what is 5378 + -5567?
-189
In base 5, what is 23000 - -24014?
102014
In base 10, what is -5 + 1128067?
1128062
In base 6, what is -1052 - -102552?
101500
In base 2, what is -10100011000 - -1001100000010?
110111101010
In base 2, what is -10100111001 + 100000110000100101?
100000011011101100
In base 16, what is -523e - -10e?
-5130
In base 15, what is 3ad4c4 + 5a?
3ad52e
In base 7, what is -26053412 - 65?
-26053510
In base 6, what is 2 - -22350544?
22350550
In base 7, what is 144603 + -6445?
135125
In base 13, what is -21ac613 + 29?
-21ac5b7
In base 11, what is 58611 + -23aa?
56212
In base 9, what is -45 + -53715?
-53761
In base 2, what is -11101110110010101100011 - -1?
-11101110110010101100010
In base 6, what is 545 - 1242043?
-1241054
In base 3, what is 111010120 - 202220?
110100200
In base 13, what is -79 - 93822?
-9389b
In base 5, what is 0 + 2303422230?
2303422230
In base 2, what is 10001111110011100 + -11010?
10001111110000010
In base 8, what is 413414550 - -5?
413414555
In base 15, what is 3ba17cd - 2?
3ba17cb
In base 4, what is 10 - 22030310012?
-22030310002
In base 11, what is -2 + -35652089?
-35652090
In base 6, what is 1 + -1013442205?
-1013442204
In base 5, what is 13104434232 + -2?
13104434230
In base 13, what is 1 - -1724a0a?
1724a0b
In base 2, what is 11000011011010000101111001 + -11?
11000011011010000101110110
In base 12, what is -2b29 - 118a?
-40b7
In base 7, what is -5315164 + 16?
-5315145
In base 9, what is 14 + 218520?
218534
In base 3, what is 121002212220001 - 21?
121002212212210
In base 8, what is 1076304735 + 5?
1076304742
In base 10, what is -4970 - -199047?
194077
In base 2, what is -1010111 - -10010110000000101101?
10010101111111010110
In base 2, what is -110101 + -110111110100111100?
-110111110101110001
In base 3, what is 101110 - 22211110?
-22110000
In base 10, what is 17272135 - -9?
17272144
In base 15, what is 1 - 3dab541?
-3dab540
In base 14, what is c + 37bdcb6?
37bdcc4
In base 11, what is 7 + -24811306?
-248112aa
In base 6, what is 20 + 4420451?
4420511
In base 4, what is -1110232322013 - 1?
-1110232322020
In base 15, what is e - -cd7d7?
cd7e6
In base 3, what is 112010010211 + -21010?
112002212201
In base 11, what is -14046 + 1924?
-12222
In base 8, what is -435 + 5473541?
5473104
In base 11, what is 3aa - -6206?
6605
In base 14, what is -2 - -8ba905?
8ba903
In base 4, what is -211022 + 201222120?
201011032
In base 11, what is -1007736 - 34?
-100776a
In base 4, what is -13201 - 110300323?
-110320130
In base 6, what is 5 + -131135331?
-131135322
In base 13, what is 14 - -6642?
6656
In base 15, what is 11 - -1ab62b1?
1ab62c2
In base 5, what is -224244243002 - 0?
-224244243002
In base 6, what is 113440005 - 3?
113440002
In base 4, what is 133332031223 + -13?
133332031210
In base 3, what is 12120111020121 + -12?
12120111020102
In base 2, what is -100100110101010110110111 - -11?
-100100110101010110110100
In base 7, what is -262604 + -3201?
-266105
In base 10, what is 3798435 - 17?
3798418
In base 12, what is 2 + -23a30?
-23a2a
In base 2, what is 10000001010110010001 - -100100?
10000001010110110101
In base 11, what is 3 - -659729a?
65972a2
In base 6, what is -110335 + 415551?
305212
In base 13, what is -9 - -59a0b0?
59a0a4
In base 11, what is -31424a7 + 14?
-3142493
In base 4, what is 10 + -1301110130202?
-1301110130132
In base 13, what is -9 - 3310b1a?
-3310b26
In base 9, what is 5 - -16555052?
16555057
In base 12, what is 10 - -68a61?
68a71
In base 10, what is 3715 + -128?
3587
In base 2, what is 11000011 - 10101101111001?
-10101010110110
In base 6, what is -123 - -2044043?
2043520
In base 10, what is -61300804 + -5?
-61300809
In base 13, what is 52a10 + -261?
5277c
In base 4, what is -100311 + 2011330?
1311013
In base 4, what is 20 + -2303202131232?
-2303202131212
In base 7, what is 2541 - 112015?
-106144
In base 11, what is 625 - -180041?
180666
In base 10, what is 22060730 + 0?
22060730
In base 11, what is -31919 - 8594?
-3a402
In base 5, what is -11144 - -123224?
112030
In base 4, what is -33022 - -230323?
131301
In base 2, what is -1111001010101011100100101011 - -1?
-1111001010101011100100101010
In base 6, what is 422 - -324323?
325145
In base 12, what is -15a88 + 140?
-15948
In base 12, what is 4392 - -381b?
7bb1
In base 13, what is -2536176 - -2?
-2536174
In base 4, what is 10322200332013 + -2?
10322200332011
In base 8, what is -15000202273 - 2?
-15000202275
In base 7, what is 43163405 - 1?
43163404
In base 9, what is 425 - -183564?
184100
In base 6, what is -4 + 13413424?
13413420
In base 4, what is 2003 + -3002212?
-3000203
In base 10, what is 874479 - -3?
874482
In base 15, what is 176cd710 + -3?
176cd70c
In base 11, what is 143 + 55088a?
550a22
In base 15, what is 5ed1b57 - 1?
5ed1b56
In base 7, what is 104611 + 645?
105556
In base 15, what is 1656b6a - -2?
1656b6c
In base 15, what is -19 - -25133?
25119
In base 16, what is 2 - -1ba16b?
1ba16d
In base 6, what is -10001055402 + -4?
-10001055410
In base 11, what is -14 + -1983353?
-1983367
In base 11, what is -61 - 1671853?
-1671904
In base 12, what is 5610a4 + -9?
561097
In base 9, what is -1261 + -3156?
-4427
In base 10, what is 1408368 + -10?
1408358
In base 10, what is -411 - -324?
-87
In base 13, what is 3 + -4a6c98?
-4a6c95
In base 7, what is -155 + 64566421?
64566233
In base 13, what is 1bc91 + 2?
1bc93
In base 13, what is -3ac5 - 14b?
-3c43
In base 2, what is 11000001001010000110110010010 + -10?
11000001001010000110110010000
In base 12, what is 61 + 52a941?
52a9a2
In base 16, what is 1c875b5 + 14?
1c875c9
In base 5, what is -2 + 2044422300?
2044422243
In base 11, what is 880 + -2642?
-1872
In base 5, what is -120221 - 133?
-120404
In base 5, what is 10003322401 + -332?
10003322014
In base 2, what is 11100100 + -100100010001101011010?
-100100010001001110110
In base 13, what is -460 - a540?
-a9a0
In base 7, what is -5142 + -22102?
-30244
In base 9, what is -632 + 47448?
46716
In base 2, what is -1011110101111100010111000 - -100?
-1011110101111100010110100
In base 9, what is 87177 + 663?
87851
In base 8, what is -1317722 - -5?
-1317715
In base 4, what is 1333120 + -10330201?
-2331021
In base 5, what is 134143 + 243142?
4